{"id":93,"date":"2020-11-12T08:35:49","date_gmt":"2020-11-12T07:35:49","guid":{"rendered":"http:\/\/praxis-miserre.de\/wordpress\/?page_id=93"},"modified":"2026-04-16T04:21:04","modified_gmt":"2026-04-16T04:21:04","slug":"aktuelles","status":"publish","type":"page","link":"https:\/\/praxis-miserre-laughlin.de\/?page_id=93","title":{"rendered":"Aktuelles"},"content":{"rendered":"\n<p><br><strong> Die Praxis ist vom 25.05.2026 bis einschlie\u00dflich 05.06.2026 geschlossen.<\/strong><\/p>\n\n\n\n<p class=\"has-text-align-left\"><strong>Bei Erk\u00e4ltungssymptomen bitten wir Sie <em>mit Maske<\/em> in die Praxis zu kommen. <\/strong><br><\/p>\n\n\n\n<p>Liebe Patientinnen!&nbsp;<\/p>\n\n\n\n<p>Liebe Patienten!&nbsp;<\/p>\n\n\n\n<p>Unsere Praxis steigt zum 01.07.2026 aus der \u201ehausarztzentrierten Versorgung\u201c im HZV aus. Die Vorteile, die das System bei der Einf\u00fchrung hatte, wurden schrittweise zur\u00fcckgebaut. Der b\u00fcrokratische Aufwand des HZV-Models ist in den letzten Jahren immens angestiegen und belastet unseren praxisinternen Kapazit\u00e4ten massiv.<\/p>\n\n\n\n<p>Wichtig : F\u00fcr Sie wird sich an unserer Behandlung oder unserer Verf\u00fcgbarkeit f\u00fcr Sie nichts zum Negativen ver\u00e4ndern ! Sie k\u00f6nnen ab dem 01.07.2026 ohne \u00dcberweisung durch uns Facharzttermine vereinbaren.\u00a0<\/p>\n\n\n\n<p>Bei Fragen oder Sorgen sprechen Sie uns gerne an!&nbsp;<\/p>\n\n\n\n<p>Ihr Team Praxis Miserre \/ Laughlin&nbsp;<\/p>\n\n\n\n<p><strong>Anamnese-Formular f\u00fcr Neu-Patienten:<\/strong><br><a href=\"http:\/\/praxis-miserre-laughlin.de\/wp-content\/uploads\/2025\/01\/Anamnesebogen-fuer-Neupatienten_V2.pdf\">http:\/\/praxis-miserre-laughlin.de\/wp-content\/uploads\/2025\/01\/Anamnesebogen-fuer-Neupatienten_V2.pdf<\/a><\/p>\n\n\n\n<p class=\"has-vivid-red-color has-text-color\"><strong>Wir bilden aus :<\/strong><\/p>\n\n\n\n<ul class=\"wp-block-list\">\n<li>Die Praxis besitzt die <strong>Weiterbildungserm\u00e4chtigung<\/strong> f\u00fcr 24 Monate f\u00fcr \u00c4rztinnen\/\u00c4rzte f\u00fcr die Facharztweiterbilung &#8222;Allgemeinmedizin&#8220;. Kontaktieren Sie uns gerne ! Es bestehen neben den Programmen der Kassen\u00e4rztlichen Vereinigung weitere F\u00f6rderungsm\u00f6glichkeiten f\u00fcr Sie. <\/li>\n\n\n\n<li>Wir bieten <strong>Famulatur- und PJ-Pl\u00e4tze<\/strong> f\u00fcr MedizinstudentInnen an.<\/li>\n\n\n\n<li>in freier Ausbildungsplatz zur <strong>Medizinischen Fachangestellten\/ zum Medizinischen Fachangestellten<\/strong>. Wir freuen uns \u00fcber Ihre Bewerbung und ein pers\u00f6nliches Kennenlernen! Bei Fragen sprechen Sie uns gerne jederzeit an. <\/li>\n\n\n\n<li>Wegen <strong>schul- und berufsbegleitender Praktika<\/strong> k\u00f6nnen Sie uns jederzeit ansprechen.<\/li>\n<\/ul>\n\n\n\n<p><br><\/p>\n\n\n","protected":false},"excerpt":{"rendered":"<p>Die Praxis ist vom 25.05.2026 bis einschlie\u00dflich 05.06.2026 geschlossen. Bei Erk\u00e4ltungssymptomen bitten wir Sie mit Maske in die Praxis zu kommen. Liebe Patientinnen!&nbsp; Liebe Patienten!&nbsp; Unsere Praxis steigt zum 01.07.2026 aus der \u201ehausarztzentrierten Versorgung\u201c im HZV aus. Die Vorteile, die das System bei der Einf\u00fchrung hatte, wurden schrittweise zur\u00fcckgebaut. Der b\u00fcrokratische Aufwand des HZV-Models ist &hellip; <\/p>\n<p class=\"link-more\"><a href=\"https:\/\/praxis-miserre-laughlin.de\/?page_id=93\" class=\"more-link\"><span class=\"screen-reader-text\">\u201eAktuelles\u201c<\/span> weiterlesen<\/a><\/p>\n","protected":false},"author":1,"featured_media":0,"parent":0,"menu_order":0,"comment_status":"closed","ping_status":"closed","template":"","meta":{"footnotes":""},"class_list":["post-93","page","type-page","status-publish","hentry"],"_links":{"self":[{"href":"https:\/\/praxis-miserre-laughlin.de\/index.php?rest_route=\/wp\/v2\/pages\/93","targetHints":{"allow":["GET"]}}],"collection":[{"href":"https:\/\/praxis-miserre-laughlin.de\/index.php?rest_route=\/wp\/v2\/pages"}],"about":[{"href":"https:\/\/praxis-miserre-laughlin.de\/index.php?rest_route=\/wp\/v2\/types\/page"}],"author":[{"embeddable":true,"href":"https:\/\/praxis-miserre-laughlin.de\/index.php?rest_route=\/wp\/v2\/users\/1"}],"replies":[{"embeddable":true,"href":"https:\/\/praxis-miserre-laughlin.de\/index.php?rest_route=%2Fwp%2Fv2%2Fcomments&post=93"}],"version-history":[{"count":18,"href":"https:\/\/praxis-miserre-laughlin.de\/index.php?rest_route=\/wp\/v2\/pages\/93\/revisions"}],"predecessor-version":[{"id":573,"href":"https:\/\/praxis-miserre-laughlin.de\/index.php?rest_route=\/wp\/v2\/pages\/93\/revisions\/573"}],"wp:attachment":[{"href":"https:\/\/praxis-miserre-laughlin.de\/index.php?rest_route=%2Fwp%2Fv2%2Fmedia&parent=93"}],"curies":[{"name":"wp","href":"https:\/\/api.w.org\/{rel}","templated":true}]}}