{"id":54,"date":"2020-11-05T22:32:40","date_gmt":"2020-11-05T21:32:40","guid":{"rendered":"http:\/\/praxis-miserre.de\/wordpress\/?page_id=54"},"modified":"2026-04-16T09:36:03","modified_gmt":"2026-04-16T09:36:03","slug":"alle-infos","status":"publish","type":"page","link":"https:\/\/praxis-miserre-laughlin.de\/?page_id=54","title":{"rendered":"Wichtige Informationen"},"content":{"rendered":"\n<p class=\"has-vivid-red-color has-text-color\"><br><strong> Wir machen Urlaub ! Die Praxis ist vom 25.05.2026 bis einschlie\u00dflich 05.06.2026 geschlossen.<\/strong><\/p>\n\n\n\n<p><strong>\u00d6ffnungszeiten:<\/strong><\/p>\n\n\n<table border=\"0\">\n<tbody>\n<tr>\n<td width=\"100\">Montag:<\/td>\n<td>08:00 Uhr &#8211; 12:00 Uhr &amp; 16:00 Uhr &#8211; 18:00 Uhr<\/td>\n<\/tr>\n<tr>\n<td>Dienstag:<\/td>\n<td>08:00 Uhr &#8211; 12:00 Uhr &amp; 16:00 Uhr &#8211; 18:00 Uhr<\/td>\n<\/tr>\n<tr>\n<td>Mittwoch:<\/td>\n<td>08:00 Uhr &#8211; 12:00 Uhr<\/td>\n<\/tr>\n<tr>\n<td>Donnerstag:<\/td>\n<td>08:00 Uhr &#8211; 12:00 Uhr &amp; 16:00 Uhr &#8211; 18:00 Uhr<\/td>\n<\/tr>\n<tr>\n<td>Freitag:<\/td>\n<td>08:00 Uhr &#8211; 12:00 Uhr<\/td>\n<\/tr>\n<\/tbody>\n<\/table>\n\n\n<p class=\"has-text-align-center\">Mittwoch- und Freitagnachmittag sind f\u00fcr Hausbesuche reserviert. W\u00fcnschen Sie einen Hausbesuch, so kontaktieren Sie uns bitte telefonisch w\u00e4hrend unserer \u00d6ffnungszeiten. <\/p>\n\n\n\n<p><strong>Telefon:<\/strong><br>02358 \/ 904040<strong> <\/strong><br><strong>Fax:<\/strong><br>02358 \/ 904041                                                                                                                                            <\/p>\n\n\n\n<p><strong>Email:<\/strong>                                                                                                                                                                       praxis-miserre@gmx.de<\/p>\n\n\n\n<p><strong>Notfall-Telefonnummern:<\/strong>     <\/p>\n\n\n\n<ul class=\"wp-block-list\">\n<li>dringende\/lebensbedrohliche Notf\u00e4lle: 112  <\/li>\n\n\n\n<li><strong>haus\u00e4rztliche Notfallversorgung <\/strong>au\u00dferhalb der Sprechzeiten, nachts und am Wochenende: 116 117 oder in den umliegenden Krankenh\u00e4usern in entsprechenden Notfallpraxen<\/li>\n\n\n\n<li>Giftnotruf: 0228 \/ 19240<\/li>\n\n\n\n<li>Zahn\u00e4rztliche- und Apothekennotdienst-Telefonnummern entnehmen Sie bitte den \u00f6rtlichen Zeitungen.<\/li>\n<\/ul>\n\n\n\n<p><strong>Rezeptbestellung:<\/strong><br>Ihre Rezeptbestellung (Dauermedikation) k\u00f6nnen Sie bei uns per <strong>Telefon<\/strong> unter 02358\/904040 mit der Durchwahloption Ziffer 1 auf das freigeschaltete Band sprechen oder uns Ihre Rezeptbestellung per <strong>Email<\/strong> an: <strong>rezept@praxis-miserre.de<\/strong> zusenden. Hierf\u00fcr muss Ihre Krankenkassenkarte bereits f\u00fcr das aktuelle Quartal eingelesen sein.<\/p>\n\n\n\n<p>Die Bearbeitung der so aufgegebenen Rezeptbestellung erfolgt in der Regel innerhalb eines Werktages. Am Folgetag k\u00f6nnen die bestellten Rezepte in der Praxis abgeholt werden. <\/p>\n\n\n\n<p><strong>Neue Medikamente<\/strong> k\u00f6nnen <strong>nur<\/strong> nach vorherigem \u00c4rztInnen-PatientInnen-Kontakt rezeptiert werden.<\/p>\n\n\n\n<p><strong>Anamnese-Formular f\u00fcr Neu-Patienten:<\/strong><br><a href=\"http:\/\/praxis-miserre-laughlin.de\/wp-content\/uploads\/2025\/01\/Anamnesebogen-fuer-Neupatienten_V2.pdf\">http:\/\/praxis-miserre-laughlin.de\/wp-content\/uploads\/2025\/01\/Anamnesebogen-fuer-Neupatienten_V2.pdf<\/a><br><\/p>\n\n\n\n<p><strong>Wir bilden aus :<\/strong><\/p>\n\n\n\n<ul class=\"wp-block-list\">\n<li>Die Praxis besitzt die <strong>Weiterbildungserm\u00e4chtigung<\/strong> f\u00fcr 24 Monate f\u00fcr \u00c4rztinnen\/\u00c4rzte f\u00fcr die Facharztweiterbilung &#8222;Allgemeinmedizin&#8220;. Kontaktieren Sie uns gerne ! Es bestehen neben der Programmen der Kassen\u00e4rztlichen Vereinigung weitere F\u00f6rderungsm\u00f6glichkeiten f\u00fcr Sie. <\/li>\n\n\n\n<li>Wir bieten <strong>Famulatur- und PJ-Pl\u00e4tze<\/strong> f\u00fcr MedizinstudentInnen an.<\/li>\n\n\n\n<li>Ein freier Ausbildungsplatz zur <strong>Medizinischen Fachangestellten\/ zum Medizinischen Fachangestellten<\/strong>. Wir freuen uns \u00fcber Ihre Bewerbung und ein pers\u00f6nliches Kennenlernen! Bei Fragen sprechen Sie uns gerne jederzeit an. <\/li>\n\n\n\n<li>Wegen <strong>schul- und berufsbegleitender Praktika<\/strong> k\u00f6nnen Sie uns jederzeit ansprechen.<\/li>\n<\/ul>\n\n\n","protected":false},"excerpt":{"rendered":"<p>Wir machen Urlaub ! Die Praxis ist vom 25.05.2026 bis einschlie\u00dflich 05.06.2026 geschlossen. \u00d6ffnungszeiten: Montag: 08:00 Uhr &#8211; 12:00 Uhr &amp; 16:00 Uhr &#8211; 18:00 Uhr Dienstag: 08:00 Uhr &#8211; 12:00 Uhr &amp; 16:00 Uhr &#8211; 18:00 Uhr Mittwoch: 08:00 Uhr &#8211; 12:00 Uhr Donnerstag: 08:00 Uhr &#8211; 12:00 Uhr &amp; 16:00 Uhr &#8211; 18:00 &hellip; <\/p>\n<p class=\"link-more\"><a href=\"https:\/\/praxis-miserre-laughlin.de\/?page_id=54\" class=\"more-link\"><span class=\"screen-reader-text\">\u201eWichtige Informationen\u201c<\/span> weiterlesen<\/a><\/p>\n","protected":false},"author":1,"featured_media":0,"parent":0,"menu_order":0,"comment_status":"closed","ping_status":"closed","template":"","meta":{"footnotes":""},"class_list":["post-54","page","type-page","status-publish","hentry"],"_links":{"self":[{"href":"https:\/\/praxis-miserre-laughlin.de\/index.php?rest_route=\/wp\/v2\/pages\/54","targetHints":{"allow":["GET"]}}],"collection":[{"href":"https:\/\/praxis-miserre-laughlin.de\/index.php?rest_route=\/wp\/v2\/pages"}],"about":[{"href":"https:\/\/praxis-miserre-laughlin.de\/index.php?rest_route=\/wp\/v2\/types\/page"}],"author":[{"embeddable":true,"href":"https:\/\/praxis-miserre-laughlin.de\/index.php?rest_route=\/wp\/v2\/users\/1"}],"replies":[{"embeddable":true,"href":"https:\/\/praxis-miserre-laughlin.de\/index.php?rest_route=%2Fwp%2Fv2%2Fcomments&post=54"}],"version-history":[{"count":13,"href":"https:\/\/praxis-miserre-laughlin.de\/index.php?rest_route=\/wp\/v2\/pages\/54\/revisions"}],"predecessor-version":[{"id":575,"href":"https:\/\/praxis-miserre-laughlin.de\/index.php?rest_route=\/wp\/v2\/pages\/54\/revisions\/575"}],"wp:attachment":[{"href":"https:\/\/praxis-miserre-laughlin.de\/index.php?rest_route=%2Fwp%2Fv2%2Fmedia&parent=54"}],"curies":[{"name":"wp","href":"https:\/\/api.w.org\/{rel}","templated":true}]}}